{"id":220,"date":"2021-10-17T17:13:08","date_gmt":"2021-10-17T17:13:08","guid":{"rendered":"https:\/\/alperbayrak.com\/?page_id=220"},"modified":"2022-08-02T16:18:26","modified_gmt":"2022-08-02T16:18:26","slug":"egitimler","status":"publish","type":"page","link":"https:\/\/www.alperbayrak.com\/index.php\/egitimler\/","title":{"rendered":"E\u011fitimler"},"content":{"rendered":"\n<p class=\"has-huge-font-size\"><strong>E\u011fitimler<\/strong><\/p>\n\n\n\n<p>Ruh sa\u011fl\u0131\u011f\u0131 alan\u0131nda \u00e7al\u0131\u015fmak, \u00f6zellikle \u00e7ocuklar\u0131n, gen\u00e7lerin ve ebeveynlerin ya\u015fad\u0131\u011f\u0131 sorunlara e\u015flik etmek, ya\u015fam boyu e\u011fitimini s\u00fcrd\u00fcrme sorumlulu\u011funu da beraberinde getiriyor. Zorlu \u015fartlar&nbsp; s\u00fcrekli geli\u015fme zorunlulu\u011funu olu\u015fturuyor.<\/p>\n\n\n\n<p>&nbsp;&nbsp;&nbsp;&nbsp;&nbsp;&nbsp;&nbsp;&nbsp;&nbsp;&nbsp;&nbsp; Asistanl\u0131\u011f\u0131m s\u0131ras\u0131nda Ana bilim dal\u0131m\u0131zca d\u00fczenlenen Anababa Okullar\u0131\u2019ndan ba\u015flayarak t\u00fcm mesleki deneyimlerimde bu gereklili\u011fi ben de hissettim. Bu nedenledir ki, uzmanl\u0131\u011f\u0131m\u0131 tamamlad\u0131ktan sonra da bir\u00e7ok meslekta\u015f\u0131m gibi psikoterapi e\u011fitimlerime devam ettim.<\/p>\n\n\n\n<p>&nbsp;&nbsp;&nbsp;&nbsp;&nbsp;&nbsp;&nbsp;&nbsp;&nbsp;&nbsp;&nbsp; 2.5 y\u0131l Oda\u011f Vakf\u0131 Teorik Psikanaliz E\u011fitimi<\/p>\n\n\n\n<p>&nbsp;&nbsp;&nbsp;&nbsp;&nbsp;&nbsp;&nbsp;&nbsp;&nbsp;&nbsp;&nbsp; 8 y\u0131l Psikodrama E\u011fitimi<\/p>\n\n\n\n<p>&nbsp;&nbsp;&nbsp;&nbsp;&nbsp;&nbsp;&nbsp;&nbsp;&nbsp;&nbsp;&nbsp; EMDR<\/p>\n\n\n\n<p>&nbsp;&nbsp;&nbsp;&nbsp;&nbsp;&nbsp;&nbsp;&nbsp;&nbsp;&nbsp;&nbsp; Monodrama ve Oyun Terapisi severek ald\u0131\u011f\u0131m ve uygulamalar\u0131ma dahil etti\u011fim e\u011fitimlerimdir.<\/p>\n\n\n\n<p>&nbsp;&nbsp;&nbsp;&nbsp;&nbsp;&nbsp;&nbsp;&nbsp;&nbsp;&nbsp;&nbsp; Geriye d\u00f6n\u00fcp bakt\u0131\u011f\u0131mda renkli ve zorlu&nbsp; buldu\u011fum mesleki ya\u015fant\u0131mda dan\u0131\u015fanlar\u0131ma, anne babalara yard\u0131mc\u0131 olabilmek amac\u0131mda bu e\u011fitimlerin bana b\u00fcy\u00fck bir katk\u0131s\u0131 oldu. \u00d6m\u00fcr boyu da s\u00fcrmesini diliyorum.<\/p>\n","protected":false},"excerpt":{"rendered":"<p>E\u011fitimler Ruh sa\u011fl\u0131\u011f\u0131 alan\u0131nda \u00e7al\u0131\u015fmak, \u00f6zellikle \u00e7ocuklar\u0131n, gen\u00e7lerin ve ebeveynlerin ya\u015fad\u0131\u011f\u0131 sorunlara e\u015flik etmek, ya\u015fam boyu e\u011fitimini s\u00fcrd\u00fcrme sorumlulu\u011funu da beraberinde getiriyor. Zorlu \u015fartlar&nbsp; s\u00fcrekli geli\u015fme zorunlulu\u011funu olu\u015fturuyor. &nbsp;&nbsp;&nbsp;&nbsp;&nbsp;&nbsp;&nbsp;&nbsp;&nbsp;&nbsp;&nbsp; Asistanl\u0131\u011f\u0131m s\u0131ras\u0131nda Ana bilim dal\u0131m\u0131zca d\u00fczenlenen Anababa Okullar\u0131\u2019ndan ba\u015flayarak t\u00fcm mesleki deneyimlerimde bu gereklili\u011fi ben de hissettim. Bu nedenledir ki, uzmanl\u0131\u011f\u0131m\u0131 tamamlad\u0131ktan sonra da bir\u00e7ok meslekta\u015f\u0131m [&hellip;]<\/p>\n","protected":false},"author":3,"featured_media":0,"parent":0,"menu_order":0,"comment_status":"closed","ping_status":"closed","template":"","meta":{"footnotes":""},"class_list":["post-220","page","type-page","status-publish","hentry"],"_links":{"self":[{"href":"https:\/\/www.alperbayrak.com\/index.php\/wp-json\/wp\/v2\/pages\/220","targetHints":{"allow":["GET"]}}],"collection":[{"href":"https:\/\/www.alperbayrak.com\/index.php\/wp-json\/wp\/v2\/pages"}],"about":[{"href":"https:\/\/www.alperbayrak.com\/index.php\/wp-json\/wp\/v2\/types\/page"}],"author":[{"embeddable":true,"href":"https:\/\/www.alperbayrak.com\/index.php\/wp-json\/wp\/v2\/users\/3"}],"replies":[{"embeddable":true,"href":"https:\/\/www.alperbayrak.com\/index.php\/wp-json\/wp\/v2\/comments?post=220"}],"version-history":[{"count":4,"href":"https:\/\/www.alperbayrak.com\/index.php\/wp-json\/wp\/v2\/pages\/220\/revisions"}],"predecessor-version":[{"id":1377,"href":"https:\/\/www.alperbayrak.com\/index.php\/wp-json\/wp\/v2\/pages\/220\/revisions\/1377"}],"wp:attachment":[{"href":"https:\/\/www.alperbayrak.com\/index.php\/wp-json\/wp\/v2\/media?parent=220"}],"curies":[{"name":"wp","href":"https:\/\/api.w.org\/{rel}","templated":true}]}}